r)?
3
Suppose 0 = -4*b + 13 - 1. Let o = 19337 - 19335. Let h(k) = -k**o + 45 - 41 - k - 3*k**b + 2*k**3. Calculate h(0).
4
Let j = -29696 + 29698. Let r(y) be the third derivative of 40*y**j + 0*y + 0 - 1/6*y**3 - 1/6*y**4 + 1/60*y**5. Give r(4).
-1
Let r(g) = 9*g**3 + 2*g**2 + g + 15. Let t(w) = 15*w**3 + 19*w - w**2 - 8*w - 11*w - 20*w**3 - 8. Let n(l) = 3*r(l) + 5*t(l). Give n(-2).
-13
Let b(t) = -t**2 + 34*t + 733. Let g be b(49). Let c(k) = k - 14. What is c(g)?
-16
Let f(n) be the second derivative of n**3/6 + 59*n**2/2 + 11780*n. Calculate f(-42).
17
Let d = -36396 + 36387. Let l(o) = -o**2 + 9*o + 156. Calculate l(d).
-6
Let c(r) = -9*r + 5 + r**2 - r**3 + 3 + 7*r**2. Let b be (-1 - -428)/(-6 + (-40)/(-8)). Let w be 122/b - (-102)/14. Determine c(w).
-6
Suppose 6 + 18 = 4*z. Let g(i) = -i**3 + 7*i**2 - 6*i - 10. Let d(q) be the first derivative of -q - 57. Let s(f) = -2*d(f) + g(f). Determine s(z).
-8
Suppose 5*v + 5*j + 737 = 757, 0 = 4*v - j - 41. Let q(c) = -c**3 + 10*c**2 - 8*c - 5. What is q(v)?
4
Suppose -27*m - 101 = -47. Let l(n) = 15*n**2 - n - 2. Calculate l(m).
60
Let i(f) = f**3 - 22*f**2 - f + 17. Let w be i(22). Let c(m) = -8*m**2 - 9*m - 17. Let a(u) = -u**2 - u - 3. Let v(p) = 6*a(p) - c(p). What is v(w)?
34
Let d = -55 + 62. Suppose -l = -d*l + 36. Let y(i) = 5*i + l - 8*i + 5*i. Calculate y(-6).
-6
Suppose -5*w - 328 = 4*m, m + 105 = -3*w + 23. Let s = m + 84. Let u(n) = 2*n**2 + 2*n + 1. What is u(s)?
13
Let v(p) be the second derivative of p**6/30 + p**5/120 - p**3 + p**2 + 28*p + 1. Let s(w) be the second derivative of v(w). What is s(1)?
13
Let w(m) = -2*m**2 - 4*m + m**2 - m. Suppose 5*k + u = 171, k - 39 = 2*u - 7. Suppose 8*d + k + 6 = 0. Determine w(d).
0
Let k(b) = 6*b - 5 + 7*b**2 + b**3 - b**3 + b**3. Let h be ((-34)/6)/(15/(-45)). Suppose -8*d = h*d + 150. What is k(d)?
-5
Let r(b) be the third derivative of -b**5/60 - 5*b**4/12 - 8*b**3/3 - 171*b**2 + 12. Suppose 4*c - 32 = 5*x + 7*c, 0 = -5*x - c - 34. What is r(x)?
5
Let c(x) = -2213*x + 203603. Let v be c(92). Let j(s) = -3*s + 7. Let k(a) = -3 - 4 - 2*a + 6*a. Let m(y) = 3*j(y) + 2*k(y). Determine m(v).
0
Let r = 4778 + -4787. Let c(h) = -h**3 - 8*h**2 + 11*h + 13. Determine c(r).
-5
Suppose 0 = w - 3*x + 16, -2*w + 9 = -6*w + x. Let q(n) = -37*n + 4. What is q(w)?
41
Let i(l) = l**2 + 86*l + 1099. Let u be i(-16). Let k(q) = -6*q - 117. What is k(u)?
9
Let a(s) = -11*s - 188. Let m(q) = 398*q - 415. Let n be m(1). Give a(n).
-1
Let q(l) = -5*l - 2. Let z(s) = -4*s - 2. Let y = 3 - -2. Let i(x) = y*q(x) - 6*z(x). Let h(c) = c**2 + 8*c + 4. Let b be h(-7). Determine i(b).
5
Let v(n) = 7*n**2 + 7*n + 17. Let y(i) = 3*i**2 + 3*i + 9. Suppose -11 = -4*a + 5*j, -a + 7 = -0*a + 3*j. Let m(q) = a*v(q) - 9*y(q). Give m(0).
-13
Let j = -25813 + 25825. Let s(g) = -2*g**2 + 26*g - 9. What is s(j)?
15
Let l(c) be the second derivative of 7*c**4/12 - c**3/6 - 22*c. Let k be (6/5)/(-1 - (-24)/30). Let a = k - -7. What is l(a)?
6
Let t(u) = -u**2 - 2*u + 4. Suppose -4*j = i - 136 - 143, 5*j + 5*i - 345 = 0. Let o = -50 + 117. Let h = j - o. Give t(h).
-11
Let p(k) = 2 - 3*k**2 + 16*k + 8 - 8 - 16. Determine p(1).
-1
Let b = -12 - -5. Let m(q) = -q**3 - 6*q**2 + 6*q - 10. Let o(f) be the second derivative of -f**2/2 - 26*f. Let j(s) = -m(s) + 6*o(s). What is j(b)?
-3
Let q(y) be the second derivative of y**3/6 - y**2 + 2*y. Suppose 2*u = 3*m - 876, 5*m - 3*u = -0*u + 1461. Let o = m - 301. Give q(o).
-9
Let d(z) = -z**3 + 9*z**2 - 8*z - 1. Suppose -3*m = -0*m. Let v = -315 - -321. Suppose m = v*t - 35 - 13. Determine d(t).
-1
Let g(i) = 3*i**3 + 2*i**2 - 4*i + 3. Let h = 7253 - 7251. What is g(h)?
27
Let t(z) be the second derivative of z**3/3 + 3*z**2/2 + 4*z. Let p(k) = k**2 + 12*k - 4. Let x(u) = 1. Let b(r) = p(r) - 6*x(r). Let d be b(-13). What is t(d)?
9
Let v(d) = 3813 - 90*d + 58*d - 3621 + 49*d. What is v(-11)?
5
Suppose -2*s + 0*s + 144 = 22*s. Let p(f) = f**3 - 8*f**2 + 12*f - 12. Calculate p(s).
-12
Suppose -g = -3*v + 4*v - 4, -3*v - 12 = -5*g. Let c(x) = 0*x**2 + x**g + 7*x**2 - 2*x**2 + 5 - 8. Determine c(-4).
13
Suppose 47*c - 9*c = 19190. Let y = c - 498. Let h(f) = 2*f**3 - 13*f**2 - 5*f - 8. Calculate h(y).
6
Let c = -1798 - -1801. Let s be 7/2 - 1/2. Let x(l) = -l**c + 0*l**2 + 2*l**2 - 3*l + s*l**2 + 0*l**2. Give x(4).
4
Let f(w) = w**3 + 5*w**2 - 6*w + 4. Let h be 16/(-2) + 5/4 + 207/276. Determine f(h).
4
Suppose 2*f - 12 = -5*q + 25, 4*q - 23 = 5*f. Let o(v) = -19*v + 6. What is o(f)?
-13
Let t(c) = -c**2 - 6*c - 8. Let w(y) = y**3 - 33*y**2 + 61*y + 28. Let z be w(31). Give t(z).
1
Suppose -40*f + 26*f = 0. Let t(v) = -v**2 + f*v**2 + 79 - 73. Calculate t(-5).
-19
Let c(k) = -k**3 + 39*k**2 - 59*k**2 + 37 + 30*k**2 - 13*k + 0*k**3. What is c(9)?
1
Let y(l) = l**2 + 5*l - 6. Let v be y(-5). Let o(h) = -h - 13. Let u(m) be the first derivative of m + 153. Let i(n) = -o(n) - 5*u(n). Give i(v).
2
Suppose c = -3*f + 3 - 0, 5*f = c + 5. Let x(a) = 9*a + 6*a - 8*a - 1 + 12*a + c*a. Determine x(1).
18
Suppose 152*v + 8 - 8 = 0. Let w(l) be the first derivative of l**4/4 + l**3/3 + 7*l - 14. Determine w(v).
7
Let j(t) = -2*t - 1. Let i(g) = 5*g - 16. Let k be i(11). Suppose 30*a = -51 - k. What is j(a)?
5
Let a(i) = i**2 - 332*i + 9053. Let q be a(30). Let f(y) be the first derivative of y**3/3 + 4*y**2 - 10*y - 1. Give f(q).
-17
Let y(b) = 3*b + 1. Suppose 2*z + 3 = 15. Let x be z/7 + (-176)/(-56). What is y(x)?
13
Let i(k) be the second derivative of 1/720*k**6 + 0 - 3*k - 11/12*k**4 + 0*k**2 + 1/24*k**5 + 0*k**3. Let n(o) be the third derivative of i(o). Give n(-6).
-1
Let n = -200319 - -200322. Let p(j) = 3*j**3 + 6*j**2 + 5*j - 5. Let q(r) = -r**3 - 3*r**2 - 2*r + 2. Let i(c) = -2*p(c) - 5*q(c). Calculate i(n).
0
Let q(s) = s**2 - 5*s - 4. Suppose -o - 4*l + 13 = 0, -18*o - 106 = -22*o + 2*l. Suppose 0 = -v - 16 + o. Give q(v).
32
Let o(a) = -7*a + 25. Let g(k) = 3*k - 13. Let y(q) = 13*g(q) + 6*o(q). Let u(j) = -j - 9. Let w(p) = -10*u(p) + 4*y(p). What is w(7)?
0
Let f(g) be the second derivative of -g**8/6720 - g**7/1260 + g**6/144 + g**5/60 - 5*g**4/3 + 118*g. Let u(t) be the third derivative of f(t). Give u(-3).
-4
Let b be 13 - (1 - -1)/2. Let q(s) be the second derivative of -s**5/20 + s**4 + s**3/6 - 7*s**2/2 - 32299*s. Give q(b).
5
Let q(f) = f**2 + 9*f. Suppose -2*m + 4*i = 108, -3*m - 206 = 5*i - 44. Let s be ((-9)/(-15) - (-240)/(-100))*-25. Let n = m + s. Give q(n).
0
Let s = 428 - 415. Let l(w) be the second derivative of 0 + 1/2*w**3 - s*w - 5/2*w**2. Calculate l(6).
13
Let q(n) = -2*n**2 - 258*n - 756. Let j be q(-126). Let b(k) = k + 18. Give b(j).
18
Let i(y) = -13*y - 277. Let h(t) = t + 24. Let d(b) = 44*h(b) + 4*i(b). Give d(-7).
4
Let l(m) be the third derivative of -m**6/144 - 7*m**5/40 - 113*m**4/12 + 195*m**2. Let a(z) be the second derivative of l(z). Determine a(-6).
9
Let y(s) = 2*s + 32. Suppose 125*k + 6576 = -112*k - 37*k. What is y(k)?
-16
Let j(b) = -368 + 3*b + 656 - 352. Determine j(27).
17
Let n be (11/(-2))/(6/(-12)). Suppose 4*v - 13 = -i, 5*i - n = 3*i - 3*v. Let y(g) = -4*g**2 - 1. Determine y(i).
-5
Let d = -11 - -14. Let g(x) = -4*x**2 - 16 + 14*x + 5*x**d - 4*x**3 - 10*x**2. Give g(13).
-3
Let u(g) be the second derivative of 0 + 1/2*g**4 - 2*g**2 - 1/2*g**3 - 1/20*g**5 + 65*g. Let d(p) = p**2 + 1. Let v be d(2). Give u(v).
6
Let l be (4*(-9)/(-12))/(231/(-847)). Let m(z) = z**2 + 6*z - 3. Determine m(l).
52
Let m(t) = 11*t + 14. Let u be m(-5). Let r = 48 + u. Suppose r*g = -5*f + 4*g + 11, -4*f = 4*g - 4. Let k(y) = y. Give k(f).
4
Let k(c) = -3*c. Let n be k(1). Let t be 3*3/n - 4. Let p(v) = v**2 + 6*v + 10. Determine p(t).
17
Let g(v) = 811*v**2 - 817*v**2 - v**3 + 5 - 4*v - 2*v. Determine g(-3).
-4
Let n = -204 + 141. Let i = -54 - n. Let c be (-2)/(-8)*(i - 1). Let y(z) = -z**3 - z**2 + 2*z + 1. Give y(c).
-7
Suppose 167 = 45*q + 122. Let u(w) = 20*w**2 + 2*w - 1. What is u(q)?
21
Let w(v) = v**2 - 7*v - 2. Let g = 4736 - 4727. Calculate w(g).
16
Let x(t) = t**2 + 4*t - 69. Let n be x(-11). Let r(z) = -2*z + 6*z + n + z - 6*z. Calculate r(-4).
12
Let y be 4*(-3 - -8)*3. Suppose y*z = 57*z + 3. Let u(a) = -3*a - 3*a + 3*a - 12*a**2 - 1 + 4*a. Give u(z).
-12
Let y be (22/(-4))/((-24)/48). Let 